1 - -6) + 14 + (41 - (63 - 43))?
42
(-2 - -19) + -6 + (-39 - -17)
-11
Calculate (8 - 2) + -13 + 9 + (0 - 11).
-9
Calculate (-3 - -60) + -2 + 15 + 9 + -33.
46
What is -7 - (-55 - 8 - -11) - -14?
59
What is -3 + (-13 - -2) + 27 - (6 + -62)?
69
What is the value of 12 + 4 + -7 + -54?
-45
What is the value of 59 + (149 - 196) - ((-3 - 0) + -66)?
81
What is the value of (3 + -48 - -24) + -16 + 4 + 4?
-29
Calculate 14 + (-32 - (29 + -52)).
5
What is -18 + (-26 - -3 - -22) + 24?
5
0 + (-19 + 35 + -31 - (-6 + 8 - 41))
24
What is -31 + 38 - (4 - (0 + 4 + -12))?
-5
Evaluate 16 + -16 + 15 + -39 + -3.
-27
What is 0 + -29 + -5978 + 5935?
-72
Calculate 24 + 124 + 126 + -212.
62
What is the value of 9 + (7 - 14 - 4) - (8 + 28)?
-38
What is the value of -13 - (-9 + 40 + -37)?
-7
What is the value of 172 - 180 - (-10 + (-8 - -18)) - (-120 + -1)?
113
What is the value of (-35 + -33 - -27) + 55?
14
What is (2 - (43 - (-2 - -1))) + (-10 - (-117 - -117))?
-52
Evaluate 6 - (3 - (-8 + 2)) - (595 + -597).
-1
Evaluate 45 - (-54 + 49 + -19).
69
Calculate -18 + 56 + -26 + -40 - 7.
-35
What is (-3447 - -3438) + (-37 - -35 - (117 - (1 + 0)))?
-127
Calculate -30 - 1 - (-3259 - -3288).
-60
Calculate -104 + -1 + -5 + (22 - (31 - (3 - 0))).
-116
Evaluate (-31 - -18 - -17) + 37 + -22.
19
Calculate (61 - (3 + -1 - 0)) + (-1524 - -1525) - 15.
45
(2 + 0 - (-28 + 32) - -8) + -113 + 4
-103
What is -25 - (128 + -67) - -44?
-42
-13 + 78 + (8 - -49)
122
65 + (-28 - 42) - (2 - -15 - 2)
-20
What is -857 + 920 - (118 - -1)?
-56
14 + -18 + -9 + (8 - -9) - (-4 + -84)
92
Evaluate -25 + 2 - (-1008 - -998) - -125.
112
9 - (27 + 24 - 0)
-42
What is the value of (-12 - 65) + (-69 - -103)?
-43
Calculate -23 + -12 + -5 + (-28 - -173).
105
What is -21 + 10 + 13 + -11 + 15?
6
Calculate 137 + -63 - (71 + -10).
13
Calculate 3 + -10 + (3 - 0) + -1 + -4 + -40.
-49
Evaluate 0 + 20 + 0 + 1624 + -1647.
-3
1256 + -1268 + (-1 - 18 - 0)
-31
What is 2 + (-38 - (34 - 111))?
41
1 + -2 - 10 - (115 - 112) - (0 - -3)
-17
Calculate (10 - (-31 - -62)) + 10 + 14.
3
Calculate -80 + (-20 - -1) + (16 - (-27 - -12 - -23)).
-91
What is -36 + -19 + 2 + -24 + 7?
-70
Calculate (-1 - (-2 + 1 + -2)) + (80 - 163 - -91).
10
What is the value of -4 + 1 + (32 - (-18 - (-54 + 19))) - -3?
15
What is -26 - (0 + 9 + 26) - -10?
-51
What is -55 + -93 + 170 + (-19 - 1 - -2)?
4
Calculate -18 + ((-20 - -5) + 4 - -48).
19
47 + -343 + 322 + 9 + 0
35
Calculate -41 - -66 - 13 - 15 - (2 - 2 - 22).
19
Evaluate 103 - (98 + -142 - -125).
22
What is the value of (0 + 1 - 38) + (17 - (-107 + 113))?
-26
What is the value of (3 - 12) + -12 + (-11 - -2 - (10 - 66))?
26
(14 - 2) + (0 + -7 - (44 + -36 + -12))
9
What is the value of (2 - (49 + (-4 - -3))) + (2829 - 2808)?
-25
What is the value of (27 - 24) + -1 + 2 + 64?
68
What is -9 - (-6 + (10 - 7)) - 35?
-41
What is -70 + (-40 - (-119 - -67))?
-58
Calculate 53 + -45 + (1 - -2) + 1 + -14.
-2
Evaluate (9 - (-9 + 4 + -2)) + -4.
12
-53 + 121 + -53 + -10
5
Evaluate 11 + -12 + 36 + -19 - (12 - -1).
3
What is the value of 7 + 2 + (47 - (9 - 29 - -23))?
53
What is 85 + (22 + -32 + -1 + 0 - 2)?
72
Evaluate 55 - (3 - 32 - -23).
61
Calculate -34 + (11 - (-22 + -16 + 22)).
-7
Evaluate -14 + 75 + 1 + (-54 - -41 - -10).
59
Evaluate -21 + 36 - (59 - (19 - 14)).
-39
What is 22 - (-99 - -59) - 44?
18
What is the value of -29 + (84 - 37) - 15 - (0 + (1 - 17))?
19
Calculate (15 - 1 - (43 + -15 + -11)) + -56.
-59
Calculate 72 + (25 - 39) + -47.
11
(26 - 28) + 16 + 83
97
What is -5 + (-10 - (1 - 3) - (46 - (77 + -35)))?
-17
Evaluate (-275 - -334) + -1 + -6.
52
Calculate 5 + (12 - 10 - 1 - -2) - 6.
2
-16 + (-115 - 0) + -210 + 245
-96
Evaluate 2 - ((4 - 4) + 17) - (-54 - -39 - -19).
-19
What is -1 + (36 - -18 - 57) + 2 + -1 + 5?
2
7 + (4 - 6 - -1) + -4 - (-6 - -114)
-106
What is -1 + 0 + -1 + 10 + 3131 + -3140?
-1
Evaluate -5 + (51 - 58 - (-1 + 11)).
-22
What is the value of -39 + -19 + 42 - 15?
-31
What is the value of 12 + -73 - (9 + 69)?
-139
Evaluate 0 + 7 + -2593 + 2588.
2
What is -1 + 16 - (-10 - (64 - 86)) - (-3 + -1)?
7
Evaluate -92 + 26 + 23 - -44.
1
What is the value of 33 - (-86 + 85 - -18)?
16
What is the value of 6 - -3 - (0 - 4) - (31 - -30 - 57)?
9
Evaluate 114 - ((12 - 111) + 88).
125
What is the value of (2 - (-19 + 9) - (142 + -134)) + -93 + 2?
-87
Calculate (54 - 109) + 88 + -46.
-13
Calculate -82 + (32 - -78) - 86.
-58
What is -56 - (-4 + -42 - -7)?
-17
Evaluate (-55 - -108) + (-1 - (6 + -11) - -1) - -5.
63
What is the value of (-23 - -78) + 7 + (9 - (11 - 9))?
69
Evaluate 25 + (-23 + -27 - -17 - 1).
-9
Calculate -46 - (-14 - (-14 - (-11 + 18 - 5))).
-48
36 - (64 + 67) - -31
-64
856 + -943 - (-20 + -1)
-66
-4 - (4 + 54 - 3) - -5 - -2
-52
8 + (83 - 11) + -5 - (34 - 36)
77
Evaluate (-22 - (-85 + 16 + -25)) + (7 - 27).
52
What is the value of -19 - (9 + -67 + 20 + 5)?
14
Calculate -174 + -63 + 331 + -122.
-28
What is 10 + 5 + 59 + -189 + 9 + 8?
-98
What is 10 + -23 + -3 + 13 + -13 - -11?
-5
What is the value of 676 + -618 - (4 - -60)?
-6
Calculate (13 + 2 + -6 + -2 - 3 - 14) + 4.
-6
Calculate -6 - ((-17 - -23) + -14 - (5 - (10 + -4))).
1
Calculate 11 - ((-5 - -62) + 11 + 22).
-79
Evaluate (13 + -18 - -27) + (-5 - -19).
36
(14 - 71) + 33 + 59
35
What is the value of 80 + (38 - 86) - 52?
-20
What is (13 - 14) + -34 + 12 + 1?
-22
Evaluate 45 - (-50 + 92 + -32).
35
What is the value of -5 + 57 + 1262 + -1368?
-54
Calculate -135 - (-4 + -1) - (-7 + -36 - -38).
-125
Calculate (-106 - -2) + (65 - 219) + 168.
-90
Calculate 7 - (21 - 52 - -29) - 70.
-61
Evaluate -149 + (144 - -35) - (-1 - -26).
5
-40 + 69 + 8 + -5 + 1
33
(121 - 136 - (0 - 51)) + -1 + 10
45
What is (6 - 0) + -111 - ((-86 - -91) + (-13 - 2))?
-95
Calculate -14 - (138 + -30 + -36).
-86
What is the value of -18 - -3 - -62 - 1 - -9?
55
What is the value of -3 - ((5 - (2 - 5)) + 111 + -120)?
-2
What is the value of 20 + (136 + -115 - (-1 - -145))?
-103
(83 - 64) + -106 + 104
17
What is the value of (-38 - -42) + (3 - 5) + 49 + -13?
38
(506 - 562) + (34 - -2)
-20
Evaluate -51 + 4 - (79 - (34 + 55)).
-37
-3 - (-4 + 1) - (997 + -1134 - (-31 + 0))
106
Evaluate -47 - (-29 - -26 - 15) - (-1 + 0 + -7).
-21
Evaluate 24 - ((-2 - 39 - -19) + -8).
54
What is 482 + (-531 - -38) + -1 + 34 + 0?
22
3 - (-16 + 45 + -9 + -13 + 32)
-36
Evaluate -7 + -5 + 46 + (19 - 24) - -5.
34
What is the value of -47 + (39 - -34) + -20 + (-1 - 0 - 4)?
1
What is the value of -21 + -10 + 23 + -1 - (-46 - 1)?
38
Evaluate 1 + (-49 - -25) - -35.
12
What is -69 - (-148 - (-61 + -20))?
-2
Evaluate -110 + 53 - ((3 - 1) + 2 + -19).
-42
Calculate 13 + (20 - 113) - -11.
-69
What is (7 - -1) + -22 + (-7 - -34) + -70?
-57
72 - ((31 - -1) + 22)
18
Evaluate 6 + 13 + -6 + -21 + -12.
-20
What is (-23 - (-9 - 33)) + -21 + (27 - (-3 - -2))?
26
Evaluate 8 + (38 - 4) + 13 + -30.
25
Evaluate (-28 - (-22 + -49 - -15)) + (0 + -2 - 8).
18
What is the value of (3 - 2 - (1 + 17)) + 62 + 41 + -105?
-19
4 + 20 + -7 + -36 + 31
12
Evaluate 36 + -16 + 20 + -19 + 7.
28
What is the value of 6 - (1 + (-3 + 5 - 2) + -2) - 5?
2
Evaluate -28 + 11 + -38 + -12 + (33 - 16).
-50
What is (0 - -21) + 1074 + -1122?
-27
What is the value of (-19 - -9) + 58 + -39 + -29?
-20
What is the value of 0 - (-15 + 10) - (0 + -2 + -1 + 35)?
-27
What is the value of -7 + (1 - 0 - -7 - (162 + -95 - 41))?
-25
What is 21 + -16 + -11 + 36 - 11?
19
What is -41 - (-23 - (-23 + 12) - -12 - (-1 + 11))?
-31
Calculate (97 - (-21 - (1 + -39))) + 20 + -10.
90
46 + 16 + 2 - 46
18
Calculate -23 + 0 + 2 + (0 - (10 - (-24 - -24))).
-31
What is -83 - (20 - 87 - -1)?
-17
What is the value of (8 - (-18 - -26)) + -11 + (-2 - -7) + 16?
10
Calculate -17 + 0 + 19 + -4 - (-1 + (3 - -2)).
-6
6 + (8 - (0 + 7)) + 22
29
Evaluate -9 + (8 - -8) + 37 - (-12 + 11).
45
Evaluate 58 - (-36 + 31 + 17 + -32).
78
Calculate -20 + (8 - -13) + -1 + (44 - -2).
46
Calculate (4 + 7 - -63) + (-10 - -14 - -10) - 13.
75
What is (-1 + -3 - -47) + (-22 - (107 - 122))?
36
64 - ((-24 - -182) + -106)
12
What is the value of (-38 - (36 + -48) - -20) + (-2 - 0 - 138)?
-146
What is the value of (0 + -16 - -2) + (-64 - 20 - -119)?
21
What is 17 + -97 + 34 - -29?
-17
Calculate 7 - (-5043 + 5039 + (0 - (0 + -12))).
-1
What is 12 - ((25 - 92 - 30) + (0 - -9) + 8)?
92
What is 2 - (9 - (-86 - -5)) -